 r composite?
False
Let y be 25/(-10)*(-8)/5. Suppose 5*x = -0*x - 4*o - 338, 8 = -y*o. Let d = -9 - x. Is d prime?
False
Suppose 43*r - 41*r = 222. Is r a prime number?
False
Suppose 0 = 5*q + 148 - 798. Let u = -49 + 340. Let m = u - q. Is m composite?
True
Suppose -3*x - 73 = -3*z - 2*z, 0 = -5*x - z - 75. Is (-4 - (x - 5)) + 2 a prime number?
True
Let d = 56 + -54. Suppose 0 = -d*q + 595 + 793. Is q a composite number?
True
Let v = -4708 + 10827. Is v composite?
True
Suppose 0 = 6*b + 3*b. Is (-211)/(-1) + b/4 prime?
True
Suppose -d + 0*d + 2 = 0. Suppose d*y - 162 + 56 = 0. Is y a prime number?
True
Suppose 17665 = 24*o - 31559. Is o composite?
True
Suppose -4*s + 999 + 525 = 0. Is s a composite number?
True
Let y = -1072 - 895. Let q = y - -3438. Is q a prime number?
True
Let y = 3644 + -1545. Is y a composite number?
False
Suppose 28454 = 2*j - 8292. Is j composite?
True
Suppose m + 4*i - 418 = 0, -4*m + m + 1334 = -4*i. Suppose -2*l - 3*a + m = -148, 1132 = 4*l - 4*a. Suppose -6*u + 1073 - l = 0. Is u a prime number?
True
Suppose 5*m = 2*g + 4837 + 10568, 4*m = -5*g + 12291. Is m prime?
True
Suppose 0 = -3*d - 5*a - 17, 0 = d - a - 2 + 5. Let i(q) = -1. Let v(h) = -27*h - 10. Let x(l) = -5*i(l) + v(l). Is x(d) composite?
False
Let f be (-2)/((-1288)/643 + 2). Suppose f - 153 = 5*b. Let s = -47 + b. Is s composite?
True
Let n(x) = -x**2 - 1. Let s(b) = -2*b**2 - b - 572. Let m(t) = n(t) - s(t). Suppose -i = 2*z + 3*z + 4, 4*i + 16 = 3*z. Is m(z) composite?
False
Let d = -11 + 18. Suppose 0 = -10*o + d*o + 12. Suppose 4*r - o*f = r + 167, -4*r + 216 = -2*f. Is r a prime number?
True
Let k = -12 - -24. Let i(q) = 8*q - 10. Let u be i(k). Suppose -u = -2*b + 152. Is b a composite number?
True
Let q(h) = 218*h + 163. Is q(15) prime?
True
Let h(v) = 475*v**3 + 4*v**2 + 18*v - 7. Let m(z) = 951*z**3 + 8*z**2 + 37*z - 15. Let f(u) = -13*h(u) + 6*m(u). Is f(-2) a composite number?
False
Let x = -2769 - -6452. Is x a prime number?
False
Let z be (-10340)/(-15)*(2 - (-33)/6). Suppose -3*m + 5 = -7, 0 = 2*r + 3*m - z. Is r a composite number?
False
Suppose -5*v = i - 37, 0*v - 157 = -5*i + 3*v. Suppose 2*p - 33 = 5*b, 0*p + 5*p + b - 96 = 0. Let d = i + p. Is d a prime number?
False
Suppose 7*n - 718 = 6233. Suppose y - 3*f = 691, -3*f = -3*y + 1056 + n. Is y prime?
False
Let o be ((-8)/12)/(1/(-9)). Suppose -z + 0*k + o = -4*k, 4*k + 14 = -3*z. Is (-2472)/(-32) + z/8 a prime number?
False
Let n = 7851 + -4472. Let l = -2018 + n. Is l prime?
True
Let c be 2*(2 + -1) + -2. Suppose c = 2*y - 5 + 9. Is y/((-8)/(-12)) + 332 prime?
False
Let j be 249/27 - (-8)/(-36). Is 4/(-6) + 12327/j composite?
True
Let l(a) = 13*a**2 + 2*a - 1. Let z be l(1). Suppose -192 = 3*c - i - 1151, -3*c + 964 = -2*i. Suppose -4*w = -c - z. Is w prime?
True
Let i be (4 - (-3 + 2)) + -1. Suppose -i*t - 537 = -3*k, 0 = 2*t + 3*k + 140 + 151. Let d = -79 - t. Is d a composite number?
False
Let k = 21 - -120. Let r = 196 + k. Is r prime?
True
Let p(i) = -11*i**3 - 4*i**2 - 6*i - 12. Let x = 94 + -99. Is p(x) composite?
True
Suppose 11*g + 84 = 4*g. Is (7288/g)/(12/(-18)) a composite number?
False
Let p be 2/(-4)*(-19 - -5). Suppose p*t - 1420 = 3*t. Is t prime?
False
Let m(n) = -272*n**2 - 8*n - 2. Let x(t) = 271*t**2 + 7*t + 3. Let l(p) = 3*m(p) + 4*x(p). Let a be l(-2). Let o = 1541 - a. Is o a prime number?
False
Suppose 5*o = -5*s + 28690, 5*s = -2*o - 0*o + 11479. Is o a composite number?
False
Let y(d) = 12*d - 12. Let u be y(5). Is ((-1266)/(-8))/(18/u) a composite number?
True
Let n = 1044 + 634. Is n composite?
True
Is (12528/20)/3 + (-9)/(-45) a prime number?
False
Let v(t) = -t - 11*t + 409 + 13*t. Is v(0) a composite number?
False
Is (8/((-360)/(-281529)))/(3/15) composite?
True
Is (-2)/(-22) - (-24582)/33 a composite number?
True
Suppose 3*w + 5*k - 31 - 370 = 0, 3*k - 3 = 0. Suppose 0 = -10*v + 14*v + w. Let z = -22 - v. Is z a prime number?
True
Let l = 3 + -2. Let c be (-108)/(-12) - (l - -3). Suppose 4*f - c*p = f + 71, 41 = 2*f + 3*p. Is f composite?
True
Let g(s) = 29*s**2 + 3*s + 33. Is g(17) prime?
False
Let r = -7060 - -34467. Is r a prime number?
True
Suppose -p + 2*c + 3*c = 6, 3*c = -3*p - 36. Let h(w) = -w**3 - 9*w**2 - 15*w. Is h(p) a composite number?
True
Let o = 1255 + 276. Is o composite?
False
Suppose -212 - 982 = -o. Suppose 4*p - o = 1498. Is p composite?
False
Let g(z) = z**2 - 9*z - 13. Let f(n) = 2*n**2 - 17*n - 25. Let t(l) = 4*f(l) - 7*g(l). Let w be t(7). Suppose -w*y + 349 = 54. Is y prime?
True
Let i = 1543 + -484. Is i prime?
False
Suppose 1968 = 3*x + t - 8506, 3*t = 4*x - 13987. Is x prime?
False
Suppose 12*z + 6932 = 16*z. Is z prime?
True
Let o(t) = 32*t**2 + 10*t - 4. Let z(d) = d**3 + 5*d**2 + 3*d - 3. Let p be z(-3). Let v be o(p). Let h = v - 627. Is h prime?
False
Is ((-57)/(-171))/(2/43854) prime?
True
Let q(x) = 2*x**2 - 14*x + 43. Is q(-26) a composite number?
False
Let y = -1259 - -3098. Suppose 0 = 11*z - 8*z - y. Is z prime?
True
Let s(q) = -q + 5. Let z be s(-7). Is 8 - (z/(-8))/3*-4 a composite number?
True
Let t(x) be the third derivative of x**6/120 + x**5/3 + x**4/24 + 5*x**3/6 + 3*x**2. Let w(i) = i + 1. Let h be w(-10). Is t(h) a prime number?
True
Suppose 5*c - 2*c + 36 = 4*p, p + 4*c = 9. Let f = p - 4. Let x(l) = l**3 + l**2 - l + 4. Is x(f) prime?
True
Let a be (-4)/14 - 37/(-7). Suppose a*z + 116 = 1536. Suppose 5*i + r - 723 = 0, 2*i + r = -2*r + z. Is i composite?
True
Let x(p) = -p**3 - 13*p**2 + 10*p - 3. Let s be x(-7). Let q = 69 - s. Suppose 4*n + n + q = 2*u, 0 = 5*n - 10. Is u a prime number?
True
Suppose -676868 = -35*m - 140703. Is m a prime number?
True
Let x(k) = 683*k - 247. Is x(7) composite?
True
Is ((-28)/21)/2 + 10707/9 composite?
True
Suppose -233*m + 228*m = -94495. Is m prime?
True
Let x = 10729 + -6338. Is x prime?
True
Suppose 47355 = 11*o + 396. Is o composite?
True
Let r(l) = l**2 + 7*l - 2. Let d be r(-6). Let t = 16 + d. Is 1492*(-2 + 18/t) a composite number?
False
Let l = -55 + 66. Suppose -601 = -l*q + 2908. Is q prime?
False
Let j be -4 + -432 + (-2 - -2). Let m = 172 + j. Let a = -53 - m. Is a a composite number?
False
Is (261690/(-12))/(-11) - 2/(-4) prime?
False
Let k(t) = 3*t - 21. Let u be k(8). Suppose 0*p - u*p = -1137. Is p prime?
True
Let c = -1 - 4. Is (-25)/c + 13644/6 prime?
False
Is 907/6*(0 + 5 - -1) a prime number?
True
Let w(c) = 25*c**2 - 13*c - 10. Let v be w(-11). Suppose -3*u + v = 2*a - 0*a, 0 = 3*a + 5*u - 4737. Is a a prime number?
True
Let s(l) = 308*l**3 + l**2 + l - 1. Suppose 0*q + 5*q - 10 = -5*v, -q + 2*v = 1. Is s(q) prime?
False
Suppose -12 = -2*s - 2*y, -2*y + 5*y = 4*s + 11. Suppose b + b = -6. Is s + -16*(-51 + b) a prime number?
False
Suppose -82*i = -93*i + 62733. Is i prime?
False
Let z = 37400 - 18595. Is z composite?
True
Let b(s) = -3*s**3 + s**2 - 4*s - 7. Suppose -m - 11 = 4*a, -m - 5*a - 19 = -6. Is b(m) a composite number?
True
Suppose 2*h - 2384 = 176. Let c = h - -3707. Is c a prime number?
True
Let u = -4907 + 6886. Is u prime?
True
Let p(c) = c**3 + 35*c**2 - 64*c - 51. Is p(-28) prime?
True
Let r(q) = 592*q - 7. Let i(a) = 1184*a - 14. Let k(d) = -3*i(d) + 5*r(d). Is k(-2) prime?
False
Let p = -13 - -18. Suppose 0*t - 3246 = -t. Suppose -p*j = j - t. Is j a prime number?
True
Let g(b) = 8*b**3 - b**2 + 2*b - 1. Let s be g(1). Let y = -1 + s. Is (-19)/(3 - 22/y) prime?
False
Let w = 35866 + -23519. Is w composite?
False
Is 3 - (-35 + 1040)/(3/(-2)) composite?
False
Suppose -6*p = -5*p + 472. Let m be (p/(-4))/((-6)/(-15)). Suppose 5*y = -0*y + m. Is y prime?
True
Let x = 7827 - 3954. Is x a composite number?
True
Suppose 12*v = 18*v - 12. Suppose 3*i - 5*n - 3644 = 0, n = -v*i - 2*n + 2423. Is i a composite number?
False
Let a(r) = 5*r**3 + 6*r**2 + 7*r - 5. Let p be (-9)/6*4/(-6) - -6. Is a(p) a prime number?
True
Suppose 4*i + v + 3987 = 5*i, -i + 3993 = 2*v. Is i a prime number?
True
Let a = 136 + 101. Is a prime?
False
Let v(f) = f**3 - 8*f**2 - 8*f - 2. Let m be v(9). Let q = 0 + m. Is q composite?
False
Let t = -406 - -202. Let k = 89 - t. Is k prime?
True
Let h(c) be the third derivative of -47/24*c**4 + 0 + 0*c + 1/3*c**3 + 10*c**2. Is h(-5) a prime number?
False
Suppose 2*v + 21 = 5*v. Suppose v*u + 10 = 9*u. Suppose 0